{"id":396,"date":"2015-03-13T20:45:22","date_gmt":"2015-03-13T19:45:22","guid":{"rendered":"http:\/\/wordpress.archigraphic.de\/en\/?page_id=396"},"modified":"2018-06-30T07:40:12","modified_gmt":"2018-06-30T05:40:12","slug":"bsa-bim-user-forum-2014","status":"publish","type":"page","link":"http:\/\/wordpress.archigraphic.de\/en\/bsa-bim-user-forum-2014\/","title":{"rendered":"bSA BIM User Forum 2014"},"content":{"rendered":"<p>[symple_column size=&#8221;three-fourth&#8221; position=&#8221;first&#8221; fade_in=&#8221;false&#8221;]<\/p>\n<p><strong>Subject<\/strong> 11th BIM User Forum and BIMiD-Startersymposium of the BuildingSMART e.V.<br \/>\n<strong>Date | Host<\/strong> 21st May 2014 | German Speaking Chapter<br \/>\n<strong>Venue<\/strong> Haus der Begegnung | Koenigstein im Taunus | Germany<\/p>\n<p>[symple_button url=&#8221;http:\/\/wordpress.archigraphic.de\/wp-pdf\/11.BIM_Anwendertag_-_Agenda_(Ger).pdf&#8221; color=&#8221;black&#8221; size=&#8221;default&#8221; border_radius=&#8221;3px&#8221; target=&#8221;blank&#8221; rel=&#8221;&#8221; icon_left=&#8221;&#8221; icon_right=&#8221;&#8221;]Agenda (4 Pages | 610 KB)[\/symple_button]<\/p>\n<p>[symple_button url=&#8221;http:\/\/wordpress.archigraphic.de\/wp-pdf\/11.BIM_Anwendertag_-_Kurzbeschreibung_der_Beitraege_(Ger).pdf&#8221; color=&#8221;black&#8221; size=&#8221;default&#8221; border_radius=&#8221;3px&#8221; target=&#8221;blank&#8221; rel=&#8221;&#8221; icon_left=&#8221;&#8221; icon_right=&#8221;&#8221;]Referees (12 Pages | 294 KB)[\/symple_button]<\/p>\n<p>[symple_divider style=&#8221;solid&#8221; margin_top=&#8221;20&#8243; margin_bottom=&#8221;20&#8243;]<\/p>\n<p style=\"text-align: justify;\">&#8220;Mit 35 Referenten und \u00fcber 150 Besuchern war der 11. BIM-Anwendertag am 21. Mai 2014 in K\u00f6nigstein im Taunus der bislang gr\u00f6\u00dfte seiner Art. Daran hatte nicht zuletzt auch das F\u00f6rderprojekt BIMiD seinen Anteil, das sich im Rahmen seines Startersymposiums mit eigenen Beitr\u00e4gen und Gastreferenten beteiligte.&#8221;<\/p>\n<p style=\"text-align: justify;\">&#8220;In K\u00f6nigstein wurde die ganze thematische Vielfalt von Building Information Modeling und die immer gr\u00f6\u00dfer werdende Bedeutung von BIM f\u00fcr die Bau- und Immobilienwirtschaft in Deutschland deutlich.&#8221;<\/p>\n<p style=\"text-align: justify;\">&#8220;In seinem Gru\u00dfwort bezeichnete VBI-Pr\u00e4sident Dr. Volker Cornelius BIM als &#8220;Chiffre f\u00fcr eine Digitalisierung der Wertsch\u00f6pfungskette Bau&#8221; und forderte einen Paradigmenwechsel in der Bauwirtschaft: Weg von der baubegleitenden Planung, hin zur Planung am zentralen Datenmodell.&#8221;<\/p>\n<p style=\"text-align: justify;\">&#8220;Als besonders gl\u00fccklich stellte sich die Wahl der beiden Keynote-Beitr\u00e4ge heraus: Dr. Ilka May, buildingSMART e.V. und BMVI-Reformkommission, berichtete \u00fcber die aktuelle BIM-Strategie in Deutschland und gab dabei auch Einblicke, wie der Einsatz von BIM in anderen L\u00e4ndern vom Gesetzgeber gef\u00f6rdert wird. Alar Jost, Associate bei HENN GmbH in M\u00fcnchen, zeigte den Einsatzbereich &#8211; und die derzeitigen Grenzen &#8211; f\u00fcr BIM in einem gro\u00dfen, international agierenden Architekturb\u00fcro.&#8221;<\/p>\n<p><strong>Source<\/strong> BuildingSMART e. V. | Online-Publication | <a title=\"11. BIM Anwendertag\" href=\"http:\/\/www.bimid.de\/kos\/WNetz?art=News.show&amp;id=68\" target=\"_blank\" rel=\"noopener\"><span style=\"color: #000000;\">www.bimid.de<\/span><\/a> | Status: 27th May 2014<\/p>\n<p>[\/symple_column]<\/p>\n<p>[symple_column size=&#8221;one-fourth&#8221; position=&#8221;last&#8221; fade_in=&#8221;false&#8221;]<br \/>\n<img loading=\"lazy\" decoding=\"async\" src=\"http:\/\/wordpress.archigraphic.de\/wp-content\/uploads\/2015\/02\/11.BIM_Anwendertag.jpg\" alt=\"11. BIM Anwendertag\" width=\"255\" height=\"361\" \/><br \/>\n[\/symple_column]<\/p>\n","protected":false},"excerpt":{"rendered":"<p>[symple_column size=&#8221;three-fourth&#8221; position=&#8221;first&#8221; fade_in=&#8221;false&#8221;] Subject 11th BIM User Forum and BIMiD-Startersymposium of the BuildingSMART e.V. Date | Host 21st May 2014 | German Speaking Chapter Venue Haus der Begegnung | Koenigstein im Taunus | Germany [symple_button url=&#8221;http:\/\/wordpress.archigraphic.de\/wp-pdf\/11.BIM_Anwendertag_-_Agenda_(Ger).pdf&#8221; color=&#8221;black&#8221; size=&#8221;default&#8221; border_radius=&#8221;3px&#8221; target=&#8221;blank&#8221; rel=&#8221;&#8221; icon_left=&#8221;&#8221; icon_right=&#8221;&#8221;]Agenda (4 Pages | 610 KB)[\/symple_button] [symple_button url=&#8221;http:\/\/wordpress.archigraphic.de\/wp-pdf\/11.BIM_Anwendertag_-_Kurzbeschreibung_der_Beitraege_(Ger).pdf&#8221; color=&#8221;black&#8221; size=&#8221;default&#8221; border_radius=&#8221;3px&#8221; target=&#8221;blank&#8221; [&hellip;]<\/p>\n","protected":false},"author":1,"featured_media":0,"parent":0,"menu_order":0,"comment_status":"open","ping_status":"open","template":"templates\/portfolio.php","meta":{"_s2mail":"yes","footnotes":""},"class_list":["post-396","page","type-page","status-publish","hentry","page-entry","loop-entry","clr"],"_links":{"self":[{"href":"http:\/\/wordpress.archigraphic.de\/en\/wp-json\/wp\/v2\/pages\/396","targetHints":{"allow":["GET"]}}],"collection":[{"href":"http:\/\/wordpress.archigraphic.de\/en\/wp-json\/wp\/v2\/pages"}],"about":[{"href":"http:\/\/wordpress.archigraphic.de\/en\/wp-json\/wp\/v2\/types\/page"}],"author":[{"embeddable":true,"href":"http:\/\/wordpress.archigraphic.de\/en\/wp-json\/wp\/v2\/users\/1"}],"replies":[{"embeddable":true,"href":"http:\/\/wordpress.archigraphic.de\/en\/wp-json\/wp\/v2\/comments?post=396"}],"version-history":[{"count":7,"href":"http:\/\/wordpress.archigraphic.de\/en\/wp-json\/wp\/v2\/pages\/396\/revisions"}],"predecessor-version":[{"id":1097,"href":"http:\/\/wordpress.archigraphic.de\/en\/wp-json\/wp\/v2\/pages\/396\/revisions\/1097"}],"wp:attachment":[{"href":"http:\/\/wordpress.archigraphic.de\/en\/wp-json\/wp\/v2\/media?parent=396"}],"curies":[{"name":"wp","href":"https:\/\/api.w.org\/{rel}","templated":true}]}}

<p>[symple_column size=&#8221;three-fourth&#8221; position=&#8221;first&#8221; fade_in=&#8221;false&#8221;]</p>
<p><strong>Subject</strong> 11th BIM User Forum and BIMiD-Startersymposium of the BuildingSMART e.V.<br />
<strong>Date | Host</strong> 21st May 2014 | German Speaking Chapter<br />
<strong>Venue</strong> Haus der Begegnung | Koenigstein im Taunus | Germany</p>
<p>[symple_button url=&#8221;http://wordpress.archigraphic.de/wp-pdf/11.BIM_Anwendertag_-_Agenda_(Ger).pdf&#8221; color=&#8221;black&#8221; size=&#8221;default&#8221; border_radius=&#8221;3px&#8221; target=&#8221;blank&#8221; rel=&#8221;&#8221; icon_left=&#8221;&#8221; icon_right=&#8221;&#8221;]Agenda (4 Pages | 610 KB)[/symple_button]</p>
<p>[symple_button url=&#8221;http://wordpress.archigraphic.de/wp-pdf/11.BIM_Anwendertag_-_Kurzbeschreibung_der_Beitraege_(Ger).pdf&#8221; color=&#8221;black&#8221; size=&#8221;default&#8221; border_radius=&#8221;3px&#8221; target=&#8221;blank&#8221; rel=&#8221;&#8221; icon_left=&#8221;&#8221; icon_right=&#8221;&#8221;]Referees (12 Pages | 294 KB)[/symple_button]</p>
<p>[symple_divider style=&#8221;solid&#8221; margin_top=&#8221;20&#8243; margin_bottom=&#8221;20&#8243;]</p>
<p style="text-align: justify;">&#8220;Mit 35 Referenten und über 150 Besuchern war der 11. BIM-Anwendertag am 21. Mai 2014 in Königstein im Taunus der bislang größte seiner Art. Daran hatte nicht zuletzt auch das Förderprojekt BIMiD seinen Anteil, das sich im Rahmen seines Startersymposiums mit eigenen Beiträgen und Gastreferenten beteiligte.&#8221;</p>
<p style="text-align: justify;">&#8220;In Königstein wurde die ganze thematische Vielfalt von Building Information Modeling und die immer größer werdende Bedeutung von BIM für die Bau- und Immobilienwirtschaft in Deutschland deutlich.&#8221;</p>
<p style="text-align: justify;">&#8220;In seinem Grußwort bezeichnete VBI-Präsident Dr. Volker Cornelius BIM als &#8220;Chiffre für eine Digitalisierung der Wertschöpfungskette Bau&#8221; und forderte einen Paradigmenwechsel in der Bauwirtschaft: Weg von der baubegleitenden Planung, hin zur Planung am zentralen Datenmodell.&#8221;</p>
<p style="text-align: justify;">&#8220;Als besonders glücklich stellte sich die Wahl der beiden Keynote-Beiträge heraus: Dr. Ilka May, buildingSMART e.V. und BMVI-Reformkommission, berichtete über die aktuelle BIM-Strategie in Deutschland und gab dabei auch Einblicke, wie der Einsatz von BIM in anderen Ländern vom Gesetzgeber gefördert wird. Alar Jost, Associate bei HENN GmbH in München, zeigte den Einsatzbereich &#8211; und die derzeitigen Grenzen &#8211; für BIM in einem großen, international agierenden Architekturbüro.&#8221;</p>
<p><strong>Source</strong> BuildingSMART e. V. | Online-Publication | <a title="11. BIM Anwendertag" href="http://www.bimid.de/kos/WNetz?art=News.show&amp;id=68" target="_blank" rel="noopener"><span style="color: #000000;">www.bimid.de</span></a> | Status: 27th May 2014</p>
<p>[/symple_column]</p>
<p>[symple_column size=&#8221;one-fourth&#8221; position=&#8221;last&#8221; fade_in=&#8221;false&#8221;]<br />
<img loading="lazy" decoding="async" src="http://wordpress.archigraphic.de/wp-content/uploads/2015/02/11.BIM_Anwendertag.jpg" alt="11. BIM Anwendertag" width="255" height="361" /><br />
[/symple_column]</p>
