{"id":415,"date":"2015-03-13T21:07:56","date_gmt":"2015-03-13T20:07:56","guid":{"rendered":"http:\/\/wordpress.archigraphic.de\/en\/?page_id=415"},"modified":"2018-06-30T07:41:25","modified_gmt":"2018-06-30T05:41:25","slug":"bsa-bim-user-forum-2013","status":"publish","type":"page","link":"http:\/\/wordpress.archigraphic.de\/en\/bsa-bim-user-forum-2013\/","title":{"rendered":"bSA BIM User Forum 2013"},"content":{"rendered":"<p>[symple_column size=&#8221;three-fourth&#8221; position=&#8221;first&#8221; fade_in=&#8221;false&#8221;]<\/p>\n<p><strong>Subject<\/strong> 10th BIM User Forum of the BuildingSMART e.V.<br \/>\n<strong>Date | Host<\/strong> 18th June 2013 | German Speaking Chapter<br \/>\n<strong>Venue<\/strong> Waelderhaus | Hamburg-Wilhelmsburg | Germany<\/p>\n<p>[symple_button url=&#8221;http:\/\/wordpress.archigraphic.de\/wp-pdf\/10.BIM_Anwendertag_-_Agenda_(Ger).pdf&#8221; color=&#8221;black&#8221; size=&#8221;default&#8221; border_radius=&#8221;3px&#8221; target=&#8221;blank&#8221; rel=&#8221;&#8221; icon_left=&#8221;&#8221; icon_right=&#8221;&#8221;]Agenda (4 Pages | 610 KB)[\/symple_button]<\/p>\n<p>[symple_button url=&#8221;http:\/\/wordpress.archigraphic.de\/wp-pdf\/10.BIM_Anwendertag_-_Kurzbeschreibung_der_Beitraege_(Ger).pdf&#8221; color=&#8221;black&#8221; size=&#8221;default&#8221; border_radius=&#8221;3px&#8221; target=&#8221;blank&#8221; rel=&#8221;&#8221; icon_left=&#8221;&#8221; icon_right=&#8221;&#8221;]Referees (12 Pages | 294 KB)[\/symple_button]<\/p>\n<p>[symple_divider style=&#8221;solid&#8221; margin_top=&#8221;20&#8243; margin_bottom=&#8221;20&#8243;]<\/p>\n<p style=\"text-align: justify;\">&#8220;Es ging um die Qualit\u00e4t des Datenaustausches, strukturierte 3D Datenmodelle und um den \u201eSchl\u00fcsselfaktor\u201c Anwenderakzeptanz \u2026 Es ging um die IFC Schnittstelle, die Technik und die Zertifizierung. Aber im Vordergrund der Veranstaltung am 18. Juni im W\u00e4lderhaus in Hamburg stand \u2013 ganz programmatisch \u2013 die praktische BIM Umsetzung beim Planen und Bauen.&#8221;<\/p>\n<p style=\"text-align: justify;\">&#8220;Wie ver\u00e4ndert BIM die klassischen Prozesse in der Bauindustrie? K\u00f6nnen bisherige und modellorientierte Ans\u00e4tze kombiniert werden? \u00dcber ihre ganz individuellen Erfahrungen mit BIM berichteten Vertreter von Bau- und Technologieunternehmen wie zum Beispiel Wolff&amp;M\u00fcller, Hochtief ViCon, Max B\u00f6gl, Porr oder Hilti, Architekten und Ingenieure wie Wolfgang Ehlers von Ehlers Atelier oder Prof. Thomas Vietzke von Associate Zaha Hadid Architects, Detlev Gloeckler und Dr. Volker Krieger von Fact und Experten aus Softwareh\u00e4usern wie Graphisoft und DDS. Nicht zuletzt nutzten die knapp 150 Teilnehmer des 10. BIM Anwendertages von buildingSMART den ausgesprochen sch\u00f6nen architektonischen Rahmen des Hotel- und Kongress-Neubaus unmittelbar am Eingang zur iba und igs 2013 in Hamburg zum Austausch mit Branchenkollegen und zum Networking.&#8221;<\/p>\n<p><strong>Source<\/strong> buildingSMART e. V. | Online-Publication | <a title=\"10. BIM User Forum\" href=\"http:\/\/www.buildingsmart.de\/veranstaltungen\/bim-anwendertag\/10-bim-anwendertag\" target=\"_blank\" rel=\"noopener\"><span style=\"color: #000000;\">www.buildingsmart.de<\/span><\/a> | Status: 01st July 2013<\/p>\n<p>[\/symple_column]<\/p>\n<p>[symple_column size=&#8221;one-fourth&#8221; position=&#8221;last&#8221; fade_in=&#8221;false&#8221;]<br \/>\n<img loading=\"lazy\" decoding=\"async\" src=\"http:\/\/wordpress.archigraphic.de\/wp-content\/uploads\/2015\/02\/10.BIM_Anwendertag.jpg\" alt=\"10. BIM Anwendertag\" width=\"255\" height=\"361\" \/><br \/>\n[\/symple_column]<\/p>\n","protected":false},"excerpt":{"rendered":"<p>[symple_column size=&#8221;three-fourth&#8221; position=&#8221;first&#8221; fade_in=&#8221;false&#8221;] Subject 10th BIM User Forum of the BuildingSMART e.V. Date | Host 18th June 2013 | German Speaking Chapter Venue Waelderhaus | Hamburg-Wilhelmsburg | Germany [symple_button url=&#8221;http:\/\/wordpress.archigraphic.de\/wp-pdf\/10.BIM_Anwendertag_-_Agenda_(Ger).pdf&#8221; color=&#8221;black&#8221; size=&#8221;default&#8221; border_radius=&#8221;3px&#8221; target=&#8221;blank&#8221; rel=&#8221;&#8221; icon_left=&#8221;&#8221; icon_right=&#8221;&#8221;]Agenda (4 Pages | 610 KB)[\/symple_button] [symple_button url=&#8221;http:\/\/wordpress.archigraphic.de\/wp-pdf\/10.BIM_Anwendertag_-_Kurzbeschreibung_der_Beitraege_(Ger).pdf&#8221; color=&#8221;black&#8221; size=&#8221;default&#8221; border_radius=&#8221;3px&#8221; target=&#8221;blank&#8221; rel=&#8221;&#8221; icon_left=&#8221;&#8221; icon_right=&#8221;&#8221;]Referees (12 Pages | [&hellip;]<\/p>\n","protected":false},"author":1,"featured_media":0,"parent":0,"menu_order":0,"comment_status":"open","ping_status":"open","template":"templates\/portfolio.php","meta":{"_s2mail":"yes","footnotes":""},"class_list":["post-415","page","type-page","status-publish","hentry","page-entry","loop-entry","clr"],"_links":{"self":[{"href":"http:\/\/wordpress.archigraphic.de\/en\/wp-json\/wp\/v2\/pages\/415","targetHints":{"allow":["GET"]}}],"collection":[{"href":"http:\/\/wordpress.archigraphic.de\/en\/wp-json\/wp\/v2\/pages"}],"about":[{"href":"http:\/\/wordpress.archigraphic.de\/en\/wp-json\/wp\/v2\/types\/page"}],"author":[{"embeddable":true,"href":"http:\/\/wordpress.archigraphic.de\/en\/wp-json\/wp\/v2\/users\/1"}],"replies":[{"embeddable":true,"href":"http:\/\/wordpress.archigraphic.de\/en\/wp-json\/wp\/v2\/comments?post=415"}],"version-history":[{"count":7,"href":"http:\/\/wordpress.archigraphic.de\/en\/wp-json\/wp\/v2\/pages\/415\/revisions"}],"predecessor-version":[{"id":1098,"href":"http:\/\/wordpress.archigraphic.de\/en\/wp-json\/wp\/v2\/pages\/415\/revisions\/1098"}],"wp:attachment":[{"href":"http:\/\/wordpress.archigraphic.de\/en\/wp-json\/wp\/v2\/media?parent=415"}],"curies":[{"name":"wp","href":"https:\/\/api.w.org\/{rel}","templated":true}]}}

<p>[symple_column size=&#8221;three-fourth&#8221; position=&#8221;first&#8221; fade_in=&#8221;false&#8221;]</p>
<p><strong>Subject</strong> 10th BIM User Forum of the BuildingSMART e.V.<br />
<strong>Date | Host</strong> 18th June 2013 | German Speaking Chapter<br />
<strong>Venue</strong> Waelderhaus | Hamburg-Wilhelmsburg | Germany</p>
<p>[symple_button url=&#8221;http://wordpress.archigraphic.de/wp-pdf/10.BIM_Anwendertag_-_Agenda_(Ger).pdf&#8221; color=&#8221;black&#8221; size=&#8221;default&#8221; border_radius=&#8221;3px&#8221; target=&#8221;blank&#8221; rel=&#8221;&#8221; icon_left=&#8221;&#8221; icon_right=&#8221;&#8221;]Agenda (4 Pages | 610 KB)[/symple_button]</p>
<p>[symple_button url=&#8221;http://wordpress.archigraphic.de/wp-pdf/10.BIM_Anwendertag_-_Kurzbeschreibung_der_Beitraege_(Ger).pdf&#8221; color=&#8221;black&#8221; size=&#8221;default&#8221; border_radius=&#8221;3px&#8221; target=&#8221;blank&#8221; rel=&#8221;&#8221; icon_left=&#8221;&#8221; icon_right=&#8221;&#8221;]Referees (12 Pages | 294 KB)[/symple_button]</p>
<p>[symple_divider style=&#8221;solid&#8221; margin_top=&#8221;20&#8243; margin_bottom=&#8221;20&#8243;]</p>
<p style="text-align: justify;">&#8220;Es ging um die Qualität des Datenaustausches, strukturierte 3D Datenmodelle und um den „Schlüsselfaktor“ Anwenderakzeptanz … Es ging um die IFC Schnittstelle, die Technik und die Zertifizierung. Aber im Vordergrund der Veranstaltung am 18. Juni im Wälderhaus in Hamburg stand – ganz programmatisch – die praktische BIM Umsetzung beim Planen und Bauen.&#8221;</p>
<p style="text-align: justify;">&#8220;Wie verändert BIM die klassischen Prozesse in der Bauindustrie? Können bisherige und modellorientierte Ansätze kombiniert werden? Über ihre ganz individuellen Erfahrungen mit BIM berichteten Vertreter von Bau- und Technologieunternehmen wie zum Beispiel Wolff&amp;Müller, Hochtief ViCon, Max Bögl, Porr oder Hilti, Architekten und Ingenieure wie Wolfgang Ehlers von Ehlers Atelier oder Prof. Thomas Vietzke von Associate Zaha Hadid Architects, Detlev Gloeckler und Dr. Volker Krieger von Fact und Experten aus Softwarehäusern wie Graphisoft und DDS. Nicht zuletzt nutzten die knapp 150 Teilnehmer des 10. BIM Anwendertages von buildingSMART den ausgesprochen schönen architektonischen Rahmen des Hotel- und Kongress-Neubaus unmittelbar am Eingang zur iba und igs 2013 in Hamburg zum Austausch mit Branchenkollegen und zum Networking.&#8221;</p>
<p><strong>Source</strong> buildingSMART e. V. | Online-Publication | <a title="10. BIM User Forum" href="http://www.buildingsmart.de/veranstaltungen/bim-anwendertag/10-bim-anwendertag" target="_blank" rel="noopener"><span style="color: #000000;">www.buildingsmart.de</span></a> | Status: 01st July 2013</p>
<p>[/symple_column]</p>
<p>[symple_column size=&#8221;one-fourth&#8221; position=&#8221;last&#8221; fade_in=&#8221;false&#8221;]<br />
<img loading="lazy" decoding="async" src="http://wordpress.archigraphic.de/wp-content/uploads/2015/02/10.BIM_Anwendertag.jpg" alt="10. BIM Anwendertag" width="255" height="361" /><br />
[/symple_column]</p>
