{"id":572,"date":"2015-04-30T21:21:23","date_gmt":"2015-04-30T19:21:23","guid":{"rendered":"http:\/\/wordpress.archigraphic.de\/en\/?page_id=572"},"modified":"2015-10-05T22:59:10","modified_gmt":"2015-10-05T20:59:10","slug":"bim-cluster-stuttgart","status":"publish","type":"page","link":"http:\/\/wordpress.archigraphic.de\/en\/bim-cluster-stuttgart\/","title":{"rendered":"BIM Cluster Stuttgart"},"content":{"rendered":"<p>[symple_column size=&#8221;three-fourth&#8221; position=&#8221;first&#8221; fade_in=&#8221;false&#8221;]<\/p>\n<p><strong>Title<\/strong>&nbsp;BIM Cluster Stuttgart<br \/>\n<strong>Organizer<\/strong> Coordination Committee of the BIM Cluster Stuttgart<br \/>\n<strong>Venue<\/strong> Stuttgart | Germany<\/p>\n<p>[symple_button url=&#8221;http:\/\/wordpress.archigraphic.de\/wp-pdf\/1.BIM_Cluster_Treffen_-_Einladung_(Ger).pdf&#8221; color=&#8221;black&#8221; size=&#8221;default&#8221; border_radius=&#8221;3px&#8221; target=&#8221;blank&#8221; rel=&#8221;&#8221; icon_left=&#8221;&#8221; icon_right=&#8221;&#8221;]1st Invitation (8 Pages | 2.696 KB)[\/symple_button]<\/p>\n<p>[symple_button url=&#8221;http:\/\/wordpress.archigraphic.de\/wp-pdf\/2.BIM_Cluster_Treffen_-_Einladung_(Ger).pdf&#8221; color=&#8221;black&#8221; size=&#8221;default&#8221; border_radius=&#8221;3px&#8221; target=&#8221;blank&#8221; rel=&#8221;&#8221; icon_left=&#8221;&#8221; icon_right=&#8221;&#8221;]2nd Invitation (2 Pages | 874 KB)[\/symple_button]<\/p>\n<p>[symple_button url=&#8221;http:\/\/wordpress.archigraphic.de\/wp-pdf\/3.BIM_Cluster_Treffen_-_Einladung_(Ger).pdf&#8221; color=&#8221;black&#8221; size=&#8221;default&#8221; border_radius=&#8221;3px&#8221; target=&#8221;blank&#8221; rel=&#8221;&#8221; icon_left=&#8221;&#8221; icon_right=&#8221;&#8221;]3rd Invitation (2 Pages | 865 KB)[\/symple_button]<\/p>\n<p>[symple_divider style=&#8221;solid&#8221; margin_top=&#8221;20&#8243; margin_bottom=&#8221;20&#8243;]<\/p>\n<p style=\"text-align: justify;\"><strong>Participants:<\/strong><\/p>\n<p style=\"text-align: justify;\">&#8220;Das Cluster soll BIM-Akteure in der gesamten Region ansprechen. Es soll aber keine feste geografische Grenze geben, auch Engagement von au\u00dferhalb ist willkommen. Wir wollen gezielt die BIM-Praktiker unter uns ansprechen, Erfahrene wie auch Beginner. Besonders freuen wir uns auch auf den Nachwuchs, junge Architekten und Ingenieure d\u00fcrfen sich gerne aktiv einbringen. Wenn Sie auch der Meinung sind, dass wir nicht auf die Ergebnisse einer BIM Task Group aus Berlin warten, sondern viel mehr selbst und gemeinsam daran arbeiten sollten, den Paradigmenwechsel beim Planen und Bauen voranzutreiben, dann machen Sie mit und konstruieren Sie mit uns ein zukunftsorientiertes BIM f\u00fcr alle.&#8221;<\/p>\n<p style=\"text-align: justify;\">&#8220;Die Teilnahme ist pers\u00f6nlich, kostenlos, steht allen offen und verpflichtet zu nichts. Wir setzen auf ehrenamtliches Engagement und auf freiwillige Unterst\u00fctzung durch Planungsgesellschaften, Planungs\u00e4mter und Bauunternehmen, aber auch Bauherren und Interessierten, die zum Gelingen dieser Initiative beitragen m\u00f6chten.&#8221;<\/p>\n\n\t\t<style type=\"text\/css\">\n\t\t\t#gallery-1 {\n\t\t\t\tmargin: auto;\n\t\t\t}\n\t\t\t#gallery-1 .gallery-item {\n\t\t\t\tfloat: left;\n\t\t\t\tmargin-top: 10px;\n\t\t\t\ttext-align: center;\n\t\t\t\twidth: 100%;\n\t\t\t}\n\t\t\t#gallery-1 img {\n\t\t\t\tborder: 2px solid #cfcfcf;\n\t\t\t}\n\t\t\t#gallery-1 .gallery-caption {\n\t\t\t\tmargin-left: 0;\n\t\t\t}\n\t\t\t\/* see gallery_shortcode() in wp-includes\/media.php *\/\n\t\t<\/style>\n\t\t<div id='gallery-1' class='gallery galleryid-572 gallery-columns-1 gallery-size-large'><dl class='gallery-item'>\n\t\t\t<dt class='gallery-icon landscape'>\n\t\t\t\t<a href='http:\/\/wordpress.archigraphic.de\/en\/bim-cluster-stuttgart\/coordination-committee-of-the-bim-cluster-stuttgart\/'><img loading=\"lazy\" decoding=\"async\" width=\"980\" height=\"732\" src=\"http:\/\/wordpress.archigraphic.de\/en\/wp-content\/uploads\/sites\/5\/2015\/04\/Coordination-Committee-of-the-BIM-Cluster-Stuttgart-1024x765.png\" class=\"attachment-large size-large\" alt=\"\" aria-describedby=\"gallery-1-681\" srcset=\"http:\/\/wordpress.archigraphic.de\/en\/wp-content\/uploads\/sites\/5\/2015\/04\/Coordination-Committee-of-the-BIM-Cluster-Stuttgart-1024x765.png 1024w, http:\/\/wordpress.archigraphic.de\/en\/wp-content\/uploads\/sites\/5\/2015\/04\/Coordination-Committee-of-the-BIM-Cluster-Stuttgart-300x224.png 300w, http:\/\/wordpress.archigraphic.de\/en\/wp-content\/uploads\/sites\/5\/2015\/04\/Coordination-Committee-of-the-BIM-Cluster-Stuttgart-150x112.png 150w, http:\/\/wordpress.archigraphic.de\/en\/wp-content\/uploads\/sites\/5\/2015\/04\/Coordination-Committee-of-the-BIM-Cluster-Stuttgart.png 1319w\" sizes=\"auto, (max-width: 980px) 100vw, 980px\" \/><\/a>\n\t\t\t<\/dt>\n\t\t\t\t<dd class='wp-caption-text gallery-caption' id='gallery-1-681'>\n\t\t\t\tCoordination Committee of the BIM Cluster Stuttgart\n\t\t\t\t<\/dd><\/dl><br style=\"clear: both\" \/>\n\t\t<\/div>\n\n<p style=\"text-align: justify;\"><strong>The guiding principles for the BIM Cluster Stuttgart include e.g.:<\/strong><\/p>\n<p style=\"text-align: justify;\">&#8220;1. Die Region Stuttgart ist gro\u00df genug und hat im gesamten Spektrum des Planens und Bauens hohe Kompetenzen vorzuweisen. Ein Kompetenz-Cluster Bau Stuttgart existiert damit eigentlich schon. Eine Initiative, die sich dem besseren Bauen verschreibt, m\u00fcsste vorhandene Kompetenzen zusammenf\u00fchren und auf einer gemeinsamen Plattform durch gezielte Aktionen besser zur Geltung bringen. Das nutzt allen Beteiligten in der Branche und f\u00f6rdert das Ansehen in der \u00d6ffentlichkeit.&#8221;<\/p>\n<p style=\"text-align: justify;\">&#8220;2. Es ist grunds\u00e4tzlich sinnvoll, wenn sich m\u00f6glichst viele Akteure des Planens und Bauens auf einer geeigneten regionalen Plattform regelm\u00e4\u00dfig austauschen. So ein Kreis soll offen sein f\u00fcr alle, die sich engagieren m\u00f6chten. M\u00f6glichst viele Interessengruppen sollten vertreten sein: Bauherren (\u00f6ffentliche, private), Architekten, Planende Ingenieure, Ausf\u00fchrende Unternehmen, Wissenschaft und Hochschulen.&#8221;<\/p>\n<p style=\"text-align: justify;\">&#8220;3. Das BIM Cluster Stuttgart soll alle in der Region ansprechen, die BIM bereits einsetzen, sich damit befassen oder sich erst informieren und orientieren wollen. Das Thema betrifft alle. BIM wird Planen, Bauen, Betreiben und Asset Management in den n\u00e4chsten Jahren deutlich ver\u00e4ndern. Ein regionales Netzwerk, in dem sich Anf\u00e4nger und Experten \u00fcber Unternehmensgrenzen und T\u00e4tigkeitsfeldern hinweg regelm\u00e4\u00dfig austauschen, hilft dem Einzelnen und letztlich damit uns allen, die damit verbundenen Herausforderungen zu meistern. Besonders f\u00fcr kleine Planungsb\u00fcros, kleine Unternehmen und \u00f6ffentliche Verwaltungseinheiten kann das Forum eine wertvolle Unterst\u00fctzung sein.&#8221;<\/p>\n<p style=\"text-align: justify;\">&#8220;4. Zu regelm\u00e4\u00dfigen Treffen sollen gemeinsam Themen und Aktionen identifiziert, diskutiert und initiiert werden. Ein Gremium sollte gebildet werden, das den Kreis koordiniert und die Treffen effi zient vorbereitet. Dauer und Rhytmus der Treffen (monatlich\/ alle zwei Monate) soll gemeinsam festgelegt werden. Sie sollten am Rande der Arbeitszeit stattfi nden, um m\u00f6glichst vielen die Teilnahme zu erm\u00f6glichen.&#8221;<\/p>\n<p style=\"text-align: justify;\">&#8220;5. Die Herausforderung des digitalen Bauens und die Chancen sind erkannt. Warten wir nicht darauf bis von irgendwoher die gro\u00dfen L\u00f6sungen kommen. Packen wir es gemeinsam an: In der Region und jetzt! Gehen wir beispielhaft voran. Davon werden Impulse ausgehen f\u00fcr uns in Baden-W\u00fcrttemberg und dar\u00fcber hinaus.&#8221;<\/p>\n<p><strong>Source<\/strong> BIM Cluster Stuttgart | Online-Publication | <a title=\"11. BIM Anwendertag\" href=\"http:\/\/www.bimcluster.de\/index.php\/component\/content\/article\/79-allgemeines\/77-satzung-bim-cluster-stuttgart\" target=\"_blank\"><span style=\"color: #000000;\">www.bimcluster.de<\/span><\/a> | Status: 28th September 2015<\/p>\n<p>[\/symple_column]<\/p>\n<p>[symple_column size=&#8221;one-fourth&#8221; position=&#8221;last&#8221; fade_in=&#8221;false&#8221;]<br \/>\n<img loading=\"lazy\" decoding=\"async\" src=\"http:\/\/wordpress.archigraphic.de\/en\/wp-content\/uploads\/sites\/5\/2015\/04\/2.BIM_Cluster_Stuttgart.jpg\" alt=\"2nd Event of the BIM Cluster Stuttgart\" width=\"531\" height=\"361\"><br \/>\n[\/symple_column]<\/p>\n","protected":false},"excerpt":{"rendered":"<p>[symple_column size=&#8221;three-fourth&#8221; position=&#8221;first&#8221; fade_in=&#8221;false&#8221;] Title&nbsp;BIM Cluster Stuttgart Organizer Coordination Committee of the BIM Cluster Stuttgart Venue Stuttgart | Germany [symple_button url=&#8221;http:\/\/wordpress.archigraphic.de\/wp-pdf\/1.BIM_Cluster_Treffen_-_Einladung_(Ger).pdf&#8221; color=&#8221;black&#8221; size=&#8221;default&#8221; border_radius=&#8221;3px&#8221; target=&#8221;blank&#8221; rel=&#8221;&#8221; icon_left=&#8221;&#8221; icon_right=&#8221;&#8221;]1st Invitation (8 Pages | 2.696 KB)[\/symple_button] [symple_button url=&#8221;http:\/\/wordpress.archigraphic.de\/wp-pdf\/2.BIM_Cluster_Treffen_-_Einladung_(Ger).pdf&#8221; color=&#8221;black&#8221; size=&#8221;default&#8221; border_radius=&#8221;3px&#8221; target=&#8221;blank&#8221; rel=&#8221;&#8221; icon_left=&#8221;&#8221; icon_right=&#8221;&#8221;]2nd Invitation (2 Pages | 874 KB)[\/symple_button] [symple_button url=&#8221;http:\/\/wordpress.archigraphic.de\/wp-pdf\/3.BIM_Cluster_Treffen_-_Einladung_(Ger).pdf&#8221; color=&#8221;black&#8221; size=&#8221;default&#8221; border_radius=&#8221;3px&#8221; target=&#8221;blank&#8221; [&hellip;]<\/p>\n","protected":false},"author":1,"featured_media":0,"parent":0,"menu_order":0,"comment_status":"open","ping_status":"open","template":"templates\/portfolio.php","meta":{"_s2mail":"yes","footnotes":""},"class_list":["post-572","page","type-page","status-publish","hentry","page-entry","loop-entry","clr"],"_links":{"self":[{"href":"http:\/\/wordpress.archigraphic.de\/en\/wp-json\/wp\/v2\/pages\/572","targetHints":{"allow":["GET"]}}],"collection":[{"href":"http:\/\/wordpress.archigraphic.de\/en\/wp-json\/wp\/v2\/pages"}],"about":[{"href":"http:\/\/wordpress.archigraphic.de\/en\/wp-json\/wp\/v2\/types\/page"}],"author":[{"embeddable":true,"href":"http:\/\/wordpress.archigraphic.de\/en\/wp-json\/wp\/v2\/users\/1"}],"replies":[{"embeddable":true,"href":"http:\/\/wordpress.archigraphic.de\/en\/wp-json\/wp\/v2\/comments?post=572"}],"version-history":[{"count":13,"href":"http:\/\/wordpress.archigraphic.de\/en\/wp-json\/wp\/v2\/pages\/572\/revisions"}],"predecessor-version":[{"id":686,"href":"http:\/\/wordpress.archigraphic.de\/en\/wp-json\/wp\/v2\/pages\/572\/revisions\/686"}],"wp:attachment":[{"href":"http:\/\/wordpress.archigraphic.de\/en\/wp-json\/wp\/v2\/media?parent=572"}],"curies":[{"name":"wp","href":"https:\/\/api.w.org\/{rel}","templated":true}]}}

<p>[symple_column size=&#8221;three-fourth&#8221; position=&#8221;first&#8221; fade_in=&#8221;false&#8221;]</p>
<p><strong>Title</strong>&nbsp;BIM Cluster Stuttgart<br />
<strong>Organizer</strong> Coordination Committee of the BIM Cluster Stuttgart<br />
<strong>Venue</strong> Stuttgart | Germany</p>
<p>[symple_button url=&#8221;http://wordpress.archigraphic.de/wp-pdf/1.BIM_Cluster_Treffen_-_Einladung_(Ger).pdf&#8221; color=&#8221;black&#8221; size=&#8221;default&#8221; border_radius=&#8221;3px&#8221; target=&#8221;blank&#8221; rel=&#8221;&#8221; icon_left=&#8221;&#8221; icon_right=&#8221;&#8221;]1st Invitation (8 Pages | 2.696 KB)[/symple_button]</p>
<p>[symple_button url=&#8221;http://wordpress.archigraphic.de/wp-pdf/2.BIM_Cluster_Treffen_-_Einladung_(Ger).pdf&#8221; color=&#8221;black&#8221; size=&#8221;default&#8221; border_radius=&#8221;3px&#8221; target=&#8221;blank&#8221; rel=&#8221;&#8221; icon_left=&#8221;&#8221; icon_right=&#8221;&#8221;]2nd Invitation (2 Pages | 874 KB)[/symple_button]</p>
<p>[symple_button url=&#8221;http://wordpress.archigraphic.de/wp-pdf/3.BIM_Cluster_Treffen_-_Einladung_(Ger).pdf&#8221; color=&#8221;black&#8221; size=&#8221;default&#8221; border_radius=&#8221;3px&#8221; target=&#8221;blank&#8221; rel=&#8221;&#8221; icon_left=&#8221;&#8221; icon_right=&#8221;&#8221;]3rd Invitation (2 Pages | 865 KB)[/symple_button]</p>
<p>[symple_divider style=&#8221;solid&#8221; margin_top=&#8221;20&#8243; margin_bottom=&#8221;20&#8243;]</p>
<p style="text-align: justify;"><strong>Participants:</strong></p>
<p style="text-align: justify;">&#8220;Das Cluster soll BIM-Akteure in der gesamten Region ansprechen. Es soll aber keine feste geografische Grenze geben, auch Engagement von außerhalb ist willkommen. Wir wollen gezielt die BIM-Praktiker unter uns ansprechen, Erfahrene wie auch Beginner. Besonders freuen wir uns auch auf den Nachwuchs, junge Architekten und Ingenieure dürfen sich gerne aktiv einbringen. Wenn Sie auch der Meinung sind, dass wir nicht auf die Ergebnisse einer BIM Task Group aus Berlin warten, sondern viel mehr selbst und gemeinsam daran arbeiten sollten, den Paradigmenwechsel beim Planen und Bauen voranzutreiben, dann machen Sie mit und konstruieren Sie mit uns ein zukunftsorientiertes BIM für alle.&#8221;</p>
<p style="text-align: justify;">&#8220;Die Teilnahme ist persönlich, kostenlos, steht allen offen und verpflichtet zu nichts. Wir setzen auf ehrenamtliches Engagement und auf freiwillige Unterstützung durch Planungsgesellschaften, Planungsämter und Bauunternehmen, aber auch Bauherren und Interessierten, die zum Gelingen dieser Initiative beitragen möchten.&#8221;</p>

		<style type="text/css">
			#gallery-1 {
				margin: auto;
			}
			#gallery-1 .gallery-item {
				float: left;
				margin-top: 10px;
				text-align: center;
				width: 100%;
			}
			#gallery-1 img {
				border: 2px solid #cfcfcf;
			}
			#gallery-1 .gallery-caption {
				margin-left: 0;
			}
			/* see gallery_shortcode() in wp-includes/media.php */
		</style>
		<div id='gallery-1' class='gallery galleryid-572 gallery-columns-1 gallery-size-large'><dl class='gallery-item'>
			<dt class='gallery-icon landscape'>
				<a href='http://wordpress.archigraphic.de/en/bim-cluster-stuttgart/coordination-committee-of-the-bim-cluster-stuttgart/'><img loading="lazy" decoding="async" width="980" height="732" src="http://wordpress.archigraphic.de/en/wp-content/uploads/sites/5/2015/04/Coordination-Committee-of-the-BIM-Cluster-Stuttgart-1024x765.png" class="attachment-large size-large" alt="" aria-describedby="gallery-1-681" srcset="http://wordpress.archigraphic.de/en/wp-content/uploads/sites/5/2015/04/Coordination-Committee-of-the-BIM-Cluster-Stuttgart-1024x765.png 1024w, http://wordpress.archigraphic.de/en/wp-content/uploads/sites/5/2015/04/Coordination-Committee-of-the-BIM-Cluster-Stuttgart-300x224.png 300w, http://wordpress.archigraphic.de/en/wp-content/uploads/sites/5/2015/04/Coordination-Committee-of-the-BIM-Cluster-Stuttgart-150x112.png 150w, http://wordpress.archigraphic.de/en/wp-content/uploads/sites/5/2015/04/Coordination-Committee-of-the-BIM-Cluster-Stuttgart.png 1319w" sizes="auto, (max-width: 980px) 100vw, 980px" /></a>
			</dt>
				<dd class='wp-caption-text gallery-caption' id='gallery-1-681'>
				Coordination Committee of the BIM Cluster Stuttgart
				</dd></dl><br style="clear: both" />
		</div>

<p style="text-align: justify;"><strong>The guiding principles for the BIM Cluster Stuttgart include e.g.:</strong></p>
<p style="text-align: justify;">&#8220;1. Die Region Stuttgart ist groß genug und hat im gesamten Spektrum des Planens und Bauens hohe Kompetenzen vorzuweisen. Ein Kompetenz-Cluster Bau Stuttgart existiert damit eigentlich schon. Eine Initiative, die sich dem besseren Bauen verschreibt, müsste vorhandene Kompetenzen zusammenführen und auf einer gemeinsamen Plattform durch gezielte Aktionen besser zur Geltung bringen. Das nutzt allen Beteiligten in der Branche und fördert das Ansehen in der Öffentlichkeit.&#8221;</p>
<p style="text-align: justify;">&#8220;2. Es ist grundsätzlich sinnvoll, wenn sich möglichst viele Akteure des Planens und Bauens auf einer geeigneten regionalen Plattform regelmäßig austauschen. So ein Kreis soll offen sein für alle, die sich engagieren möchten. Möglichst viele Interessengruppen sollten vertreten sein: Bauherren (öffentliche, private), Architekten, Planende Ingenieure, Ausführende Unternehmen, Wissenschaft und Hochschulen.&#8221;</p>
<p style="text-align: justify;">&#8220;3. Das BIM Cluster Stuttgart soll alle in der Region ansprechen, die BIM bereits einsetzen, sich damit befassen oder sich erst informieren und orientieren wollen. Das Thema betrifft alle. BIM wird Planen, Bauen, Betreiben und Asset Management in den nächsten Jahren deutlich verändern. Ein regionales Netzwerk, in dem sich Anfänger und Experten über Unternehmensgrenzen und Tätigkeitsfeldern hinweg regelmäßig austauschen, hilft dem Einzelnen und letztlich damit uns allen, die damit verbundenen Herausforderungen zu meistern. Besonders für kleine Planungsbüros, kleine Unternehmen und öffentliche Verwaltungseinheiten kann das Forum eine wertvolle Unterstützung sein.&#8221;</p>
<p style="text-align: justify;">&#8220;4. Zu regelmäßigen Treffen sollen gemeinsam Themen und Aktionen identifiziert, diskutiert und initiiert werden. Ein Gremium sollte gebildet werden, das den Kreis koordiniert und die Treffen effi zient vorbereitet. Dauer und Rhytmus der Treffen (monatlich/ alle zwei Monate) soll gemeinsam festgelegt werden. Sie sollten am Rande der Arbeitszeit stattfi nden, um möglichst vielen die Teilnahme zu ermöglichen.&#8221;</p>
<p style="text-align: justify;">&#8220;5. Die Herausforderung des digitalen Bauens und die Chancen sind erkannt. Warten wir nicht darauf bis von irgendwoher die großen Lösungen kommen. Packen wir es gemeinsam an: In der Region und jetzt! Gehen wir beispielhaft voran. Davon werden Impulse ausgehen für uns in Baden-Württemberg und darüber hinaus.&#8221;</p>
<p><strong>Source</strong> BIM Cluster Stuttgart | Online-Publication | <a title="11. BIM Anwendertag" href="http://www.bimcluster.de/index.php/component/content/article/79-allgemeines/77-satzung-bim-cluster-stuttgart" target="_blank"><span style="color: #000000;">www.bimcluster.de</span></a> | Status: 28th September 2015</p>
<p>[/symple_column]</p>
<p>[symple_column size=&#8221;one-fourth&#8221; position=&#8221;last&#8221; fade_in=&#8221;false&#8221;]<br />
<img loading="lazy" decoding="async" src="http://wordpress.archigraphic.de/en/wp-content/uploads/sites/5/2015/04/2.BIM_Cluster_Stuttgart.jpg" alt="2nd Event of the BIM Cluster Stuttgart" width="531" height="361"><br />
[/symple_column]</p>
