{"id":8,"date":"2015-04-25T18:25:11","date_gmt":"2015-04-25T16:25:11","guid":{"rendered":"http:\/\/wordpress.archigraphic.de\/ferienhaus-dat-huuske\/?page_id=8"},"modified":"2024-04-08T14:32:35","modified_gmt":"2024-04-08T12:32:35","slug":"impressum","status":"publish","type":"page","link":"http:\/\/wordpress.archigraphic.de\/ferienhaus-dat-huuske\/impressum\/","title":{"rendered":"Impressum"},"content":{"rendered":"<p><span style=\"font-size: 12pt;\">Inhaltlich Verantwortlich gem\u00e4\u00df \u00a710 Abs. 3 MDStV<\/span><\/p>\n<p><span style=\"font-size: 12pt;\">Magrid de Groot<\/span><br \/>\n<span style=\"font-size: 12pt;\">Rindelmeerstra\u00dfe 11 | 26629 Holtrop | Deutschland<\/span><\/p>\n<p><span style=\"font-size: 12pt;\">Telefon: +49 (0) 4943 \/ 3479<\/span><br \/>\n<span style=\"font-size: 12pt;\">eMail: degroot.magrid@gmail.com<\/span><\/p>\n<p style=\"text-align: justify;\"><span style=\"font-size: 12pt;\"><strong>Haftungshinweis<\/strong><\/span><span style=\"font-size: 12pt;\"> Trotz sorgf\u00e4ltiger inhaltlicher Kontrolle \u00fcbernimmt der Herausgeber keine Haftung f\u00fcr die Inhalte externer Links. F\u00fcr den Inhalt der verlinkten Seiten sind ausschlie\u00dflich deren Betreiber verantwortlich. Ebenso \u00fcbernimmt der Herausgeber keine Haftung oder Garantie f\u00fcr die Aktualit\u00e4t, Richtigkeit oder Vollst\u00e4ndigkeit der auf dieser Website bereitgestellten Informationen.<\/span><\/p>\n<p style=\"text-align: justify;\"><span style=\"font-size: 12pt;\"><strong>Urheberrecht<\/strong><\/span><span style=\"font-size: 12pt;\"> Die hier ver\u00f6ffentlichten Daten sind urheberrechtlich gesch\u00fctzt. Nachdruck und Vervielf\u00e4ltigung der Texte und Bilder einschlie\u00dflich Speicherung und Nutzung auf optischen und elektronischen Datentr\u00e4gern ist ohne schriftliche Genehmigung des Herausgebers untersagt.<\/span><\/p>\n<p style=\"text-align: justify;\"><span style=\"font-size: 12pt;\"><strong>Letzte Aktualisierung<\/strong><\/span><span style=\"font-size: 12pt;\"> 08.04.2024 <\/span><span style=\"font-size: 12pt;\"><span class=\"Stil87\">Copyright \u00a9 ferienhaus-dat-huuske 2.0<\/span><\/span><\/p>\n","protected":false},"excerpt":{"rendered":"<p>Inhaltlich Verantwortlich gem\u00e4\u00df \u00a710 Abs. 3 MDStV Magrid de Groot Rindelmeerstra\u00dfe 11 | 26629 Holtrop | Deutschland Telefon: +49 (0) 4943 \/ 3479 eMail: degroot.magrid@gmail.com Haftungshinweis Trotz sorgf\u00e4ltiger inhaltlicher Kontrolle \u00fcbernimmt der Herausgeber keine Haftung f\u00fcr die Inhalte externer Links. F\u00fcr den Inhalt der verlinkten Seiten sind ausschlie\u00dflich deren Betreiber verantwortlich. Ebenso \u00fcbernimmt der Herausgeber [&hellip;]<\/p>\n","protected":false},"author":1,"featured_media":0,"parent":0,"menu_order":0,"comment_status":"closed","ping_status":"closed","template":"templates\/portfolio.php","meta":{"footnotes":""},"class_list":["post-8","page","type-page","status-publish","hentry","page-entry","loop-entry","clr"],"_links":{"self":[{"href":"http:\/\/wordpress.archigraphic.de\/ferienhaus-dat-huuske\/wp-json\/wp\/v2\/pages\/8","targetHints":{"allow":["GET"]}}],"collection":[{"href":"http:\/\/wordpress.archigraphic.de\/ferienhaus-dat-huuske\/wp-json\/wp\/v2\/pages"}],"about":[{"href":"http:\/\/wordpress.archigraphic.de\/ferienhaus-dat-huuske\/wp-json\/wp\/v2\/types\/page"}],"author":[{"embeddable":true,"href":"http:\/\/wordpress.archigraphic.de\/ferienhaus-dat-huuske\/wp-json\/wp\/v2\/users\/1"}],"replies":[{"embeddable":true,"href":"http:\/\/wordpress.archigraphic.de\/ferienhaus-dat-huuske\/wp-json\/wp\/v2\/comments?post=8"}],"version-history":[{"count":11,"href":"http:\/\/wordpress.archigraphic.de\/ferienhaus-dat-huuske\/wp-json\/wp\/v2\/pages\/8\/revisions"}],"predecessor-version":[{"id":180,"href":"http:\/\/wordpress.archigraphic.de\/ferienhaus-dat-huuske\/wp-json\/wp\/v2\/pages\/8\/revisions\/180"}],"wp:attachment":[{"href":"http:\/\/wordpress.archigraphic.de\/ferienhaus-dat-huuske\/wp-json\/wp\/v2\/media?parent=8"}],"curies":[{"name":"wp","href":"https:\/\/api.w.org\/{rel}","templated":true}]}}